61.
33
What is the greatest common divisor of 138860728 and 1808?
904
Calculate the highest common factor of 773263649 and 719.
719
Calculate the greatest common factor of 11 and 30871973.
11
Calculate the highest common factor of 22151 and 100844.
17
Calculate the highest common factor of 36 and 73699356.
12
Calculate the highest common divisor of 636280 and 1960.
40
What is the greatest common divisor of 1300 and 57616?
52
Calculate the highest common factor of 670860527 and 4738.
2369
Calculate the greatest common divisor of 3027 and 447159539.
1009
What is the greatest common factor of 937364206 and 382?
382
What is the greatest common divisor of 238 and 28101136?
238
Calculate the greatest common factor of 4397322 and 25194.
1938
Calculate the highest common divisor of 313174112 and 64.
32
What is the greatest common factor of 5969 and 15441422?
127
Calculate the highest common factor of 273 and 234237192.
21
What is the greatest common divisor of 2492873 and 4378?
199
Calculate the highest common factor of 11646 and 2625526.
1294
What is the greatest common divisor of 22365 and 1777485?
1065
What is the greatest common divisor of 4819218 and 7218?
2406
What is the greatest common factor of 19025103 and 1303?
1303
What is the greatest common factor of 541 and 177042791?
541
Calculate the greatest common factor of 580934 and 5694.
146
What is the highest common divisor of 16750 and 4147166?
134
Calculate the greatest common factor of 6097 and 156780871.
871
What is the highest common factor of 173726780 and 3140?
3140
What is the highest common divisor of 9581 and 5962?
11
What is the highest common divisor of 500968 and 2808?
104
Calculate the highest common divisor of 386 and 228925792.
386
Calculate the greatest common divisor of 291699 and 36.
9
Calculate the greatest common divisor of 2087748 and 14352.
156
Calculate the highest common factor of 175306 and 25012.
74
What is the highest common factor of 5400 and 640275?
75
What is the greatest common divisor of 1664 and 3598244?
52
Calculate the greatest common divisor of 68 and 183615538.
34
What is the highest common divisor of 5365 and 44834232?
1073
What is the highest common factor of 63 and 25179633?
9
Calculate the greatest common divisor of 8 and 5452985.
1
What is the greatest common factor of 14316 and 81084?
12
Calculate the highest common factor of 1040 and 3163280.
80
What is the greatest common divisor of 524544 and 14256?
48
Calculate the highest common factor of 53165693 and 11361.
3787
Calculate the greatest common factor of 510 and 43951290.
510
What is the highest common factor of 1147989 and 57?
3
What is the highest common factor of 99256 and 320264?
152
What is the highest common divisor of 31227574 and 14?
14
What is the greatest common divisor of 426 and 223068?
6
What is the greatest common factor of 3533 and 3906180191?
3533
What is the highest common divisor of 1957 and 5951332?
19
What is the greatest common divisor of 194742 and 788391?
3141
Calculate the greatest common factor of 24087 and 93956505.
3441
Calculate the highest common factor of 5395471 and 1233.
137
Calculate the greatest common factor of 4423798 and 8.
2
Calculate the highest common divisor of 36966493 and 106.
53
What is the greatest common divisor of 4657 and 1814?
1
What is the greatest common factor of 86357517 and 1403?
61
What is the greatest common divisor of 308768 and 5728?
32
Calculate the greatest common factor of 326879 and 198254.
343
What is the highest common divisor of 10260 and 1151685?
2565
What is the highest common divisor of 3202 and 1475520024?
3202
Calculate the greatest common divisor of 672545 and 2201.
31
What is the highest common factor of 990 and 235962?
18
What is the highest common factor of 10834219 and 23?
23
What is the highest common divisor of 23 and 711515488?
23
Calculate the highest common factor of 10049445 and 10675.
2135
What is the greatest common divisor of 362817597 and 852?
213
What is the greatest common divisor of 2546 and 3818062?
134
What is the highest common factor of 2014996 and 170428?
548
Calculate the greatest common divisor of 18978923 and 679.
97
What is the highest common divisor of 9895970 and 80?
10
What is the highest common divisor of 720969 and 4611?
87
Calculate the highest common divisor of 2085132 and 5784.
2892
Calculate the highest common factor of 16081949 and 8.
1
What is the greatest common divisor of 403 and 2536924?
13
Calculate the greatest common factor of 1399 and 581367041.
1399
What is the highest common divisor of 212858499 and 49?
49
Calculate the greatest common factor of 7236 and 65988.
108
Calculate the greatest common factor of 50136658 and 1430.
286
What is the highest common factor of 1434992 and 29224?
104
What is the highest common divisor of 16530 and 44960730?
870
What is the greatest common divisor of 2431 and 934869?
13
Calculate the highest common divisor of 1713 and 3.
3
Calculate the greatest common factor of 165760 and 151858.
14
Calculate the greatest common factor of 836398 and 23.
1
What is the greatest common factor of 48 and 175057392?
48
What is the greatest common divisor of 8577197 and 124718?
5669
What is the greatest common divisor of 17 and 25486842?
17
Calculate the greatest common factor of 51872 and 8477830.
3242
Calculate the greatest common divisor of 3944221738 and 12379.
12379
What is the greatest common divisor of 549 and 2960147?
61
What is the greatest common factor of 4393356 and 418?
22
What is the highest common divisor of 2544 and 1383036?
12
Calculate the greatest common divisor of 493872 and 75.
3
Calculate the greatest common divisor of 93086996 and 2396.
2396
What is the highest common factor of 141078877 and 1?
1
What is the highest common factor of 370 and 3155806405?
185
Calculate the greatest common divisor of 34 and 16792532.
34
Calculate the greatest common divisor of 910 and 6212830.
130
What is the highest common factor of 12705 and 106045005?
1815
What is the greatest common factor of 761211 and 1520244?
1089
Calculate the greatest common factor of 10476 and 313759692.
3492
Calculate the highest common divisor of 13082430 and 120.
30
Calculate the greatest common factor of 9967 and 19783.
1
What is the greatest common divisor of 2088 and 7734?
6
Calculate the highest common divisor of 128 and 32353568.
32
Calculate the greatest common factor of 107625 and 453747.
861
Calculate the highest common factor of 2547960 and 4248.
24
Calculate the highest common factor of 1082 and 48786839.
541
Calculate the greatest common factor of 123432 and 1287696.
3336
Calculate the greatest common divisor of 14192 and 11044037.
887
What is the greatest common divisor of 2369 and 1958751?
103
What is the greatest common factor of 120208537 and 597?
199
What is the highest common divisor of 225 and 173447559?
9
What is the greatest common divisor of 24178 and 59444?
154
What is the highest common divisor of 127081908 and 8406?
8406
Calculate the highest common divisor of 2021044 and 199.
199
What is the greatest common factor of 48 and 63780792?
24
What is the greatest common divisor of 172 and 160395934?
86
What is the greatest common divisor of 1103773 and 12232?
11
What is the highest common divisor of 98 and 754423922?
14
Calculate the greatest common divisor of 13515 and 857565.
255
What is the greatest common divisor of 409860 and 26496?
828
Calculate the highest common factor of 3588368 and 23552.
368
Calculate the greatest common divisor of 2681 and 16860043.
383
What is the highest common divisor of 230599 and 23674?
89
What is the greatest common factor of 1175991 and 1356?
339
What is the highest common divisor of 32337059 and 29?
29
Calculate the highest common divisor of 146 and 7065524.
146
What is the highest common factor of 36494 and 232842?
514
Calculate the greatest common factor of 49 and 17991281.
49
Calculate the highest common factor of 68396792 and 4.
4
What is the highest common factor of 298986 and 1?
1
What is the highest common divisor of 106524 and 889944?
132
What is the greatest common factor of 388873 and 255732?
211
What is the greatest common factor of 4254 and 6366?
6
What is the greatest common factor of 85382 and 55265440?
7762
Calculat